{"id":1118,"date":"2023-03-21T20:20:53","date_gmt":"2023-03-21T19:20:53","guid":{"rendered":"https:\/\/upf.hr\/en\/?page_id=1118"},"modified":"2023-09-07T14:31:10","modified_gmt":"2023-09-07T12:31:10","slug":"program","status":"publish","type":"page","link":"https:\/\/upf.hr\/en\/zaec-2023\/program\/","title":{"rendered":"Program"},"content":{"rendered":"<h4>Wednesday, 20 September 2023<\/h4>\n<p><em>All times are in local time (UTC +2, CEST, Central European Summer Time)<\/em><\/p>\n<p>&nbsp;<\/p>\n<p>09:30\u201309:40 <em>Opening of the conference<\/em><\/p>\n<p>&nbsp;<\/p>\n<p>09:40\u201310:40 <em>Plenary Lecture<\/em><\/p>\n<p>THOMAS DOUGLAS, <em>Oxford University, UK<\/em><\/p>\n<p>Mental Interference and Persuasive Digital Technologies<\/p>\n<p>&nbsp;<\/p>\n<p>10:40\u201310:50 <em>Coffee break<\/em><\/p>\n<p>&nbsp;<\/p>\n<p>10:50\u201311:50 <em>Session I<\/em><\/p>\n<p>KAROLINA KUDLEK, <em>Utrecht University, Netherland<\/em><\/p>\n<p>Moral Progress and Moral Bioenhancement: Do Means Matter Morally?<\/p>\n<p>&nbsp;<\/p>\n<p>MICHIEL DE PROOST, <em>Ghent University, Belgium<\/em><\/p>\n<p>The Metaethical Turn in Biomedical Ethics Mediated by Disruptive Innovation<\/p>\n<p>&nbsp;<\/p>\n<p>11:50\u201312:00 <em>Coffee break<\/em><\/p>\n<p>&nbsp;<\/p>\n<p>12:00\u201313:00 <em>Session II<\/em><\/p>\n<p>JORIS GRAFF, <em>Utrecht University, Netherland<\/em><\/p>\n<p>Moral Sensitivity and the Limits of Artificial Moral Agents<\/p>\n<p>&nbsp;<\/p>\n<p>ANDREA BERBER, <em>University of Belgrade, Serbia<\/em><\/p>\n<p>The Principled Approach to AI Ethics: How to Handle a Conflict of Basic Principles Governing AI Development<\/p>\n<p>&nbsp;<\/p>\n<p>13:00\u201314:40 <em>Lunch break<\/em><\/p>\n<p>&nbsp;<\/p>\n<p>14:40\u201315:40 <em>Session III<\/em><\/p>\n<p>RACHEL KATZ, <em>University of Toronto, Canada<\/em><\/p>\n<p>Computing and Counselling: Trust vs Reliance in AI Psychotherapy<\/p>\n<p>&nbsp;<\/p>\n<p>NINOSLAV KRI\u017dI\u0106, <em>Independent scholar, Croatia<\/em><\/p>\n<p>Existentially Grounded Anti-Natalism: Answering the Questions of Practicality and Authority<\/p>\n<p>&nbsp;<\/p>\n<p>15:40\u201315:50 <em>Coffee break<\/em><\/p>\n<p>&nbsp;<\/p>\n<p>15:50\u201316:50 <em>Session IV<\/em><\/p>\n<p>AMIT PUNDIK, <em>Tel Aviv University, Israel<\/em><\/p>\n<p>Predictive Evidence in Criminal Trials: Why Criminal Law Should Treat Us as Having Unpredictable Freedom<\/p>\n<p>&nbsp;<\/p>\n<p>MICHAEL GREGORY, <em>University of Edinburgh, UK<\/em><\/p>\n<p>Realizing the Rule of Law? Rule by Automation and Human Discretion<\/p>\n<p>&nbsp;<\/p>\n<p>&nbsp;<\/p>\n<h4>Thursday, 21 September 2023<\/h4>\n<p>9:30\u201310.30 <em>Session V<\/em><\/p>\n<p>FRANCESCO ALLEGRI, <em>University of Siena, Italy<\/em><\/p>\n<p>The Moral Status of the Human Fetus: A Defence of a Gradualist Approach<\/p>\n<p>&nbsp;<\/p>\n<p>JAMES MAHON, <em>CUNY, USA<\/em><\/p>\n<p>Thomson and Indecent Abortions<\/p>\n<p>&nbsp;<\/p>\n<p>10:30\u201310:40 <em>Coffee break<\/em><\/p>\n<p>&nbsp;<\/p>\n<p>10.40\u201311:40 <em>Session VI<\/em><\/p>\n<p>H\u00c9LO\u00cfSE MICHELON, <em>Universit\u00e9 Catholique de Lille, France<\/em><\/p>\n<p>The Non-Identity Problem and Thalidomide Regulation: A Case Study from France<\/p>\n<p>&nbsp;<\/p>\n<p>DENNIS LUNT, <em>Bemidji State University, USA<\/em><\/p>\n<p>Evaluating Moral Distress in Rural Bioethics Settings<\/p>\n<p>&nbsp;<\/p>\n<p>11:40\u201311:50 <em>Coffee break<\/em><\/p>\n<p>&nbsp;<\/p>\n<p>11:50\u201312:50 <em>Session VII<\/em><\/p>\n<p>CIAN BRENNAN, <em>University of Glasgow, UK<\/em><\/p>\n<p>Primed Cognitive Enhancement and the Value of Achievements: A Practical Proposal<\/p>\n<p>&nbsp;<\/p>\n<p>KYLE VAN OOSTERUM, <em>Oxford University, UK<\/em><\/p>\n<p>The Ethics of Enhancement and the Utility Monster Objection<\/p>\n<p>&nbsp;<\/p>\n<p>12:50\u201314:30 <em>Lunch break<\/em><\/p>\n<p>&nbsp;<\/p>\n<p>14:30\u201315:30 <em>Session VIII<\/em><\/p>\n<p>FRIDERIK KLAMPFER, <em>University of Maribor, Slovenia<\/em><\/p>\n<p>Psychiatric Euthanasia: Is Our Moral Discomfort Justified?<\/p>\n<p>&nbsp;<\/p>\n<p>TAMARA CRNKO, <em>University of Rijeka, Croatia<\/em><\/p>\n<p>Self-determination, Immigration and Democracy<\/p>\n<p>&nbsp;<\/p>\n<p>15:30\u201315:40 <em>Coffee break<\/em><\/p>\n<p>&nbsp;<\/p>\n<p>15:40\u201316:40 <em>Session IX<\/em><\/p>\n<p>TESS JOHNSON &amp; CHLOE ROMANIS, <em>Oxford University, UK<\/em><\/p>\n<p>The Relationship between Speculation and Translation in Bioethics: Methods and Methodologies<\/p>\n<p>&nbsp;<\/p>\n<p>EMILY SLOME, <em>University of Colorado, USA<\/em><\/p>\n<p>Moral Testimony Pessimism and Applied Ethics<\/p>\n<p>&nbsp;<\/p>\n<h4>Friday, 22 September 2023<\/h4>\n<p>09:30\u201310:30 <em>Plenary Lecture<\/em><\/p>\n<p>&nbsp;<\/p>\n<p>FRANCESCA MINERVA, <em>University of Milan, Italy<\/em><\/p>\n<p>The Importance of Controversial Ideas and Academic Freedom<\/p>\n<p>&nbsp;<\/p>\n<p>10:30\u201310:40 <em>Coffee break<\/em><\/p>\n<p>&nbsp;<\/p>\n<p>10:40\u201311:40 <em>Session X<\/em><\/p>\n<p>RIANA POPAT, <em>University of Nottingham, UK<\/em><\/p>\n<p>Can the Autistic Objection be applied to Moral Hermeneutic Fictionalism? How do Autistic People Understand Morality?<\/p>\n<p>&nbsp;<\/p>\n<p>IVA MARTINI\u0106 &amp; ELVIO BACCARINI, <em>University of Rijeka, Croatia<\/em><\/p>\n<p>Public Justification and Depression<\/p>\n<p>&nbsp;<\/p>\n<p>11:40-11:50 <em>Coffee break<\/em><\/p>\n<p>&nbsp;<\/p>\n<p>11:50-12:50 <em>Session XI<\/em><\/p>\n<p>IVAN CEROVAC &amp; KRISTINA LEKI\u0106 BARUN\u010cI\u0106, <em>University of Rijeka, Croatia<\/em><\/p>\n<p>Disabilities, Epistemic Injustice, and Deliberative Democracy: The Role of Minority Minds in Collective Deliberation<\/p>\n<p>&nbsp;<\/p>\n<p>KRITIKA MAHESHWARI &amp; JEF DELVAUX, <em>TU Delft, Netherland &amp; University of York, UK<\/em><\/p>\n<p>When Proud Boys come for Fred Perry: Corporate Duty to Counterjack Hatejacking<\/p>\n<p>&nbsp;<\/p>\n<p>12:50\u201314:30 <em>Lunch break<\/em><\/p>\n<p>&nbsp;<\/p>\n<p>14:30\u201315:30 <em>Session XII<\/em><\/p>\n<p>CHRISTOPH MERDES, <em>Jagiellonian University, Poland<\/em><\/p>\n<p>Fairness or Accuracy? A Bayesian Inquiry Into the Ethics of Attention<\/p>\n<p>&nbsp;<\/p>\n<p>CONNOR LEAK, <em>University of Birmingham, UK<\/em><\/p>\n<p>A Subjective Approach to the Badness of Death<\/p>\n<p>&nbsp;<\/p>\n<p>20:00 <em>Conference dinner<\/em><\/p>\n","protected":false},"excerpt":{"rendered":"<p>Wednesday, 20 September 2023 All times are in local time (UTC +2, CEST, Central European Summer Time) &nbsp; 09:30\u201309:40 Opening of the conference &nbsp; 09:40\u201310:40 Plenary Lecture THOMAS DOUGLAS, Oxford University, UK Mental Interference and Persuasive Digital Technologies &nbsp; 10:40\u201310:50 Coffee break &hellip;<\/p>\n","protected":false},"author":2,"featured_media":0,"parent":1100,"menu_order":0,"comment_status":"closed","ping_status":"closed","template":"page-template-congress.php","meta":{"_acf_changed":false,"footnotes":""},"class_list":["post-1118","page","type-page","status-publish","hentry"],"acf":[],"yoast_head":"<!-- This site is optimized with the Yoast SEO plugin v27.2 - https:\/\/yoast.com\/product\/yoast-seo-wordpress\/ -->\n<title>Program - UPF<\/title>\n<meta name=\"description\" content=\"Wednesday, 20 September 2023 All times are in local time (UTC +2, CEST, Central European Summer Time) &nbsp; 09:30\u201309:40 Opening of the conference &nbsp;\" \/>\n<meta name=\"robots\" content=\"index, follow, max-snippet:-1, max-image-preview:large, max-video-preview:-1\" \/>\n<link rel=\"canonical\" href=\"http:\/\/upf.hr\/en\/zaec-2023\/program\/\" \/>\n<meta property=\"og:locale\" content=\"en_GB\" \/>\n<meta property=\"og:type\" content=\"article\" \/>\n<meta property=\"og:title\" content=\"Program - UPF\" \/>\n<meta property=\"og:description\" content=\"Wednesday, 20 September 2023 All times are in local time (UTC +2, CEST, Central European Summer Time) &nbsp; 09:30\u201309:40 Opening of the conference &nbsp;\" \/>\n<meta property=\"og:url\" content=\"http:\/\/upf.hr\/en\/zaec-2023\/program\/\" \/>\n<meta property=\"og:site_name\" content=\"UPF\" \/>\n<meta property=\"article:modified_time\" content=\"2023-09-07T12:31:10+00:00\" \/>\n<meta name=\"twitter:card\" content=\"summary_large_image\" \/>\n<meta name=\"twitter:label1\" content=\"Estimated reading time\" \/>\n\t<meta name=\"twitter:data1\" content=\"3 minutes\" \/>\n<script type=\"application\/ld+json\" class=\"yoast-schema-graph\">{\"@context\":\"https:\/\/schema.org\",\"@graph\":[{\"@type\":\"WebPage\",\"@id\":\"http:\/\/upf.hr\/en\/zaec-2023\/program\/\",\"url\":\"http:\/\/upf.hr\/en\/zaec-2023\/program\/\",\"name\":\"Program - UPF\",\"isPartOf\":{\"@id\":\"https:\/\/upf.hr\/en\/#website\"},\"datePublished\":\"2023-03-21T19:20:53+00:00\",\"dateModified\":\"2023-09-07T12:31:10+00:00\",\"description\":\"Wednesday, 20 September 2023 All times are in local time (UTC +2, CEST, Central European Summer Time) &nbsp; 09:30\u201309:40 Opening of the conference &nbsp;\",\"breadcrumb\":{\"@id\":\"http:\/\/upf.hr\/en\/zaec-2023\/program\/#breadcrumb\"},\"inLanguage\":\"en-GB\",\"potentialAction\":[{\"@type\":\"ReadAction\",\"target\":[\"http:\/\/upf.hr\/en\/zaec-2023\/program\/\"]}]},{\"@type\":\"BreadcrumbList\",\"@id\":\"http:\/\/upf.hr\/en\/zaec-2023\/program\/#breadcrumb\",\"itemListElement\":[{\"@type\":\"ListItem\",\"position\":1,\"name\":\"Home\",\"item\":\"https:\/\/upf.hr\/en\/\"},{\"@type\":\"ListItem\",\"position\":2,\"name\":\"ZAEC 2023\",\"item\":\"http:\/\/upf.hr\/en\/zaec-2023\/\"},{\"@type\":\"ListItem\",\"position\":3,\"name\":\"Program\"}]},{\"@type\":\"WebSite\",\"@id\":\"https:\/\/upf.hr\/en\/#website\",\"url\":\"https:\/\/upf.hr\/en\/\",\"name\":\"UPF\",\"description\":\"Society for the Advancement of Philosophy\",\"potentialAction\":[{\"@type\":\"SearchAction\",\"target\":{\"@type\":\"EntryPoint\",\"urlTemplate\":\"https:\/\/upf.hr\/en\/?s={search_term_string}\"},\"query-input\":{\"@type\":\"PropertyValueSpecification\",\"valueRequired\":true,\"valueName\":\"search_term_string\"}}],\"inLanguage\":\"en-GB\"}]}<\/script>\n<!-- \/ Yoast SEO plugin. -->","yoast_head_json":{"title":"Program - UPF","description":"Wednesday, 20 September 2023 All times are in local time (UTC +2, CEST, Central European Summer Time) &nbsp; 09:30\u201309:40 Opening of the conference &nbsp;","robots":{"index":"index","follow":"follow","max-snippet":"max-snippet:-1","max-image-preview":"max-image-preview:large","max-video-preview":"max-video-preview:-1"},"canonical":"http:\/\/upf.hr\/en\/zaec-2023\/program\/","og_locale":"en_GB","og_type":"article","og_title":"Program - UPF","og_description":"Wednesday, 20 September 2023 All times are in local time (UTC +2, CEST, Central European Summer Time) &nbsp; 09:30\u201309:40 Opening of the conference &nbsp;","og_url":"http:\/\/upf.hr\/en\/zaec-2023\/program\/","og_site_name":"UPF","article_modified_time":"2023-09-07T12:31:10+00:00","twitter_card":"summary_large_image","twitter_misc":{"Estimated reading time":"3 minutes"},"schema":{"@context":"https:\/\/schema.org","@graph":[{"@type":"WebPage","@id":"http:\/\/upf.hr\/en\/zaec-2023\/program\/","url":"http:\/\/upf.hr\/en\/zaec-2023\/program\/","name":"Program - UPF","isPartOf":{"@id":"https:\/\/upf.hr\/en\/#website"},"datePublished":"2023-03-21T19:20:53+00:00","dateModified":"2023-09-07T12:31:10+00:00","description":"Wednesday, 20 September 2023 All times are in local time (UTC +2, CEST, Central European Summer Time) &nbsp; 09:30\u201309:40 Opening of the conference &nbsp;","breadcrumb":{"@id":"http:\/\/upf.hr\/en\/zaec-2023\/program\/#breadcrumb"},"inLanguage":"en-GB","potentialAction":[{"@type":"ReadAction","target":["http:\/\/upf.hr\/en\/zaec-2023\/program\/"]}]},{"@type":"BreadcrumbList","@id":"http:\/\/upf.hr\/en\/zaec-2023\/program\/#breadcrumb","itemListElement":[{"@type":"ListItem","position":1,"name":"Home","item":"https:\/\/upf.hr\/en\/"},{"@type":"ListItem","position":2,"name":"ZAEC 2023","item":"http:\/\/upf.hr\/en\/zaec-2023\/"},{"@type":"ListItem","position":3,"name":"Program"}]},{"@type":"WebSite","@id":"https:\/\/upf.hr\/en\/#website","url":"https:\/\/upf.hr\/en\/","name":"UPF","description":"Society for the Advancement of Philosophy","potentialAction":[{"@type":"SearchAction","target":{"@type":"EntryPoint","urlTemplate":"https:\/\/upf.hr\/en\/?s={search_term_string}"},"query-input":{"@type":"PropertyValueSpecification","valueRequired":true,"valueName":"search_term_string"}}],"inLanguage":"en-GB"}]}},"_links":{"self":[{"href":"https:\/\/upf.hr\/en\/wp-json\/wp\/v2\/pages\/1118","targetHints":{"allow":["GET"]}}],"collection":[{"href":"https:\/\/upf.hr\/en\/wp-json\/wp\/v2\/pages"}],"about":[{"href":"https:\/\/upf.hr\/en\/wp-json\/wp\/v2\/types\/page"}],"author":[{"embeddable":true,"href":"https:\/\/upf.hr\/en\/wp-json\/wp\/v2\/users\/2"}],"replies":[{"embeddable":true,"href":"https:\/\/upf.hr\/en\/wp-json\/wp\/v2\/comments?post=1118"}],"version-history":[{"count":5,"href":"https:\/\/upf.hr\/en\/wp-json\/wp\/v2\/pages\/1118\/revisions"}],"predecessor-version":[{"id":1142,"href":"https:\/\/upf.hr\/en\/wp-json\/wp\/v2\/pages\/1118\/revisions\/1142"}],"up":[{"embeddable":true,"href":"https:\/\/upf.hr\/en\/wp-json\/wp\/v2\/pages\/1100"}],"wp:attachment":[{"href":"https:\/\/upf.hr\/en\/wp-json\/wp\/v2\/media?parent=1118"}],"curies":[{"name":"wp","href":"https:\/\/api.w.org\/{rel}","templated":true}]}}

<h4>Wednesday, 20 September 2023</h4>
<p><em>All times are in local time (UTC +2, CEST, Central European Summer Time)</em></p>
<p>&nbsp;</p>
<p>09:30–09:40 <em>Opening of the conference</em></p>
<p>&nbsp;</p>
<p>09:40–10:40 <em>Plenary Lecture</em></p>
<p>THOMAS DOUGLAS, <em>Oxford University, UK</em></p>
<p>Mental Interference and Persuasive Digital Technologies</p>
<p>&nbsp;</p>
<p>10:40–10:50 <em>Coffee break</em></p>
<p>&nbsp;</p>
<p>10:50–11:50 <em>Session I</em></p>
<p>KAROLINA KUDLEK, <em>Utrecht University, Netherland</em></p>
<p>Moral Progress and Moral Bioenhancement: Do Means Matter Morally?</p>
<p>&nbsp;</p>
<p>MICHIEL DE PROOST, <em>Ghent University, Belgium</em></p>
<p>The Metaethical Turn in Biomedical Ethics Mediated by Disruptive Innovation</p>
<p>&nbsp;</p>
<p>11:50–12:00 <em>Coffee break</em></p>
<p>&nbsp;</p>
<p>12:00–13:00 <em>Session II</em></p>
<p>JORIS GRAFF, <em>Utrecht University, Netherland</em></p>
<p>Moral Sensitivity and the Limits of Artificial Moral Agents</p>
<p>&nbsp;</p>
<p>ANDREA BERBER, <em>University of Belgrade, Serbia</em></p>
<p>The Principled Approach to AI Ethics: How to Handle a Conflict of Basic Principles Governing AI Development</p>
<p>&nbsp;</p>
<p>13:00–14:40 <em>Lunch break</em></p>
<p>&nbsp;</p>
<p>14:40–15:40 <em>Session III</em></p>
<p>RACHEL KATZ, <em>University of Toronto, Canada</em></p>
<p>Computing and Counselling: Trust vs Reliance in AI Psychotherapy</p>
<p>&nbsp;</p>
<p>NINOSLAV KRIŽIĆ, <em>Independent scholar, Croatia</em></p>
<p>Existentially Grounded Anti-Natalism: Answering the Questions of Practicality and Authority</p>
<p>&nbsp;</p>
<p>15:40–15:50 <em>Coffee break</em></p>
<p>&nbsp;</p>
<p>15:50–16:50 <em>Session IV</em></p>
<p>AMIT PUNDIK, <em>Tel Aviv University, Israel</em></p>
<p>Predictive Evidence in Criminal Trials: Why Criminal Law Should Treat Us as Having Unpredictable Freedom</p>
<p>&nbsp;</p>
<p>MICHAEL GREGORY, <em>University of Edinburgh, UK</em></p>
<p>Realizing the Rule of Law? Rule by Automation and Human Discretion</p>
<p>&nbsp;</p>
<p>&nbsp;</p>
<h4>Thursday, 21 September 2023</h4>
<p>9:30–10.30 <em>Session V</em></p>
<p>FRANCESCO ALLEGRI, <em>University of Siena, Italy</em></p>
<p>The Moral Status of the Human Fetus: A Defence of a Gradualist Approach</p>
<p>&nbsp;</p>
<p>JAMES MAHON, <em>CUNY, USA</em></p>
<p>Thomson and Indecent Abortions</p>
<p>&nbsp;</p>
<p>10:30–10:40 <em>Coffee break</em></p>
<p>&nbsp;</p>
<p>10.40–11:40 <em>Session VI</em></p>
<p>HÉLOÏSE MICHELON, <em>Université Catholique de Lille, France</em></p>
<p>The Non-Identity Problem and Thalidomide Regulation: A Case Study from France</p>
<p>&nbsp;</p>
<p>DENNIS LUNT, <em>Bemidji State University, USA</em></p>
<p>Evaluating Moral Distress in Rural Bioethics Settings</p>
<p>&nbsp;</p>
<p>11:40–11:50 <em>Coffee break</em></p>
<p>&nbsp;</p>
<p>11:50–12:50 <em>Session VII</em></p>
<p>CIAN BRENNAN, <em>University of Glasgow, UK</em></p>
<p>Primed Cognitive Enhancement and the Value of Achievements: A Practical Proposal</p>
<p>&nbsp;</p>
<p>KYLE VAN OOSTERUM, <em>Oxford University, UK</em></p>
<p>The Ethics of Enhancement and the Utility Monster Objection</p>
<p>&nbsp;</p>
<p>12:50–14:30 <em>Lunch break</em></p>
<p>&nbsp;</p>
<p>14:30–15:30 <em>Session VIII</em></p>
<p>FRIDERIK KLAMPFER, <em>University of Maribor, Slovenia</em></p>
<p>Psychiatric Euthanasia: Is Our Moral Discomfort Justified?</p>
<p>&nbsp;</p>
<p>TAMARA CRNKO, <em>University of Rijeka, Croatia</em></p>
<p>Self-determination, Immigration and Democracy</p>
<p>&nbsp;</p>
<p>15:30–15:40 <em>Coffee break</em></p>
<p>&nbsp;</p>
<p>15:40–16:40 <em>Session IX</em></p>
<p>TESS JOHNSON &amp; CHLOE ROMANIS, <em>Oxford University, UK</em></p>
<p>The Relationship between Speculation and Translation in Bioethics: Methods and Methodologies</p>
<p>&nbsp;</p>
<p>EMILY SLOME, <em>University of Colorado, USA</em></p>
<p>Moral Testimony Pessimism and Applied Ethics</p>
<p>&nbsp;</p>
<h4>Friday, 22 September 2023</h4>
<p>09:30–10:30 <em>Plenary Lecture</em></p>
<p>&nbsp;</p>
<p>FRANCESCA MINERVA, <em>University of Milan, Italy</em></p>
<p>The Importance of Controversial Ideas and Academic Freedom</p>
<p>&nbsp;</p>
<p>10:30–10:40 <em>Coffee break</em></p>
<p>&nbsp;</p>
<p>10:40–11:40 <em>Session X</em></p>
<p>RIANA POPAT, <em>University of Nottingham, UK</em></p>
<p>Can the Autistic Objection be applied to Moral Hermeneutic Fictionalism? How do Autistic People Understand Morality?</p>
<p>&nbsp;</p>
<p>IVA MARTINIĆ &amp; ELVIO BACCARINI, <em>University of Rijeka, Croatia</em></p>
<p>Public Justification and Depression</p>
<p>&nbsp;</p>
<p>11:40-11:50 <em>Coffee break</em></p>
<p>&nbsp;</p>
<p>11:50-12:50 <em>Session XI</em></p>
<p>IVAN CEROVAC &amp; KRISTINA LEKIĆ BARUNČIĆ, <em>University of Rijeka, Croatia</em></p>
<p>Disabilities, Epistemic Injustice, and Deliberative Democracy: The Role of Minority Minds in Collective Deliberation</p>
<p>&nbsp;</p>
<p>KRITIKA MAHESHWARI &amp; JEF DELVAUX, <em>TU Delft, Netherland &amp; University of York, UK</em></p>
<p>When Proud Boys come for Fred Perry: Corporate Duty to Counterjack Hatejacking</p>
<p>&nbsp;</p>
<p>12:50–14:30 <em>Lunch break</em></p>
<p>&nbsp;</p>
<p>14:30–15:30 <em>Session XII</em></p>
<p>CHRISTOPH MERDES, <em>Jagiellonian University, Poland</em></p>
<p>Fairness or Accuracy? A Bayesian Inquiry Into the Ethics of Attention</p>
<p>&nbsp;</p>
<p>CONNOR LEAK, <em>University of Birmingham, UK</em></p>
<p>A Subjective Approach to the Badness of Death</p>
<p>&nbsp;</p>
<p>20:00 <em>Conference dinner</em></p>
